{"id":54,"date":"2018-11-03T08:29:40","date_gmt":"2018-11-03T08:29:40","guid":{"rendered":"http:\/\/juntosnohaylimites.org\/index.php\/about\/"},"modified":"2021-04-19T14:09:21","modified_gmt":"2021-04-19T14:09:21","slug":"somos","status":"publish","type":"page","link":"http:\/\/juntosnohaylimites.org\/index.php\/somos\/","title":{"rendered":"Qui\u00e9nes somos"},"content":{"rendered":"\t\t<div data-elementor-type=\"wp-post\" data-elementor-id=\"54\" class=\"elementor elementor-54\">\n\t\t\t\t\t\t<section class=\"elementor-section elementor-top-section elementor-element elementor-element-f7dc91e elementor-section-boxed elementor-section-height-default elementor-section-height-default\" data-id=\"f7dc91e\" data-element_type=\"section\">\n\t\t\t\t\t\t<div class=\"elementor-container elementor-column-gap-default\">\n\t\t\t\t\t<div class=\"elementor-column elementor-col-100 elementor-top-column elementor-element elementor-element-f73e3b0\" data-id=\"f73e3b0\" data-element_type=\"column\">\n\t\t\t<div class=\"elementor-widget-wrap elementor-element-populated\">\n\t\t\t\t\t\t<div class=\"elementor-element elementor-element-4f0c7e9 elementor-widget elementor-widget-accordion\" data-id=\"4f0c7e9\" data-element_type=\"widget\" data-widget_type=\"accordion.default\">\n\t\t\t\t<div class=\"elementor-widget-container\">\n\t\t\t\t\t<div class=\"elementor-accordion\">\n\t\t\t\t\t\t\t<div class=\"elementor-accordion-item\">\n\t\t\t\t\t<h3 id=\"elementor-tab-title-8281\" class=\"elementor-tab-title\" data-tab=\"1\" role=\"button\" aria-controls=\"elementor-tab-content-8281\" aria-expanded=\"false\">\n\t\t\t\t\t\t\t\t\t\t\t\t\t<span class=\"elementor-accordion-icon elementor-accordion-icon-left\" aria-hidden=\"true\">\n\t\t\t\t\t\t\t\t\t\t\t\t\t\t\t<span class=\"elementor-accordion-icon-closed\"><i class=\"fas fa-plus-circle\"><\/i><\/span>\n\t\t\t\t\t\t\t\t<span class=\"elementor-accordion-icon-opened\"><i class=\"fas fa-minus-circle\"><\/i><\/span>\n\t\t\t\t\t\t\t\t\t\t\t\t\t\t<\/span>\n\t\t\t\t\t\t\t\t\t\t\t\t<a class=\"elementor-accordion-title\" tabindex=\"0\">Qui\u00e9nes somos<\/a>\n\t\t\t\t\t<\/h3>\n\t\t\t\t\t<div id=\"elementor-tab-content-8281\" class=\"elementor-tab-content elementor-clearfix\" data-tab=\"1\" role=\"region\" aria-labelledby=\"elementor-tab-title-8281\"><p><!-- wp:image {\"id\":7} --><\/p>\n<figure class=\"wp-block-image\"><img decoding=\"async\" class=\"wp-image-7 alignleft\" src=\"http:\/\/juntosnohaylimites.org\/wp-content\/uploads\/2018\/10\/LogoJuntosNoHayLimites.jpg\" alt=\"\" width=\"102\" height=\"53\" srcset=\"http:\/\/juntosnohaylimites.org\/wp-content\/uploads\/2018\/10\/LogoJuntosNoHayLimites.jpg 1323w, http:\/\/juntosnohaylimites.org\/wp-content\/uploads\/2018\/10\/LogoJuntosNoHayLimites-300x156.jpg 300w, http:\/\/juntosnohaylimites.org\/wp-content\/uploads\/2018\/10\/LogoJuntosNoHayLimites-768x400.jpg 768w, http:\/\/juntosnohaylimites.org\/wp-content\/uploads\/2018\/10\/LogoJuntosNoHayLimites-1024x533.jpg 1024w\" sizes=\"(max-width: 102px) 100vw, 102px\" \/><\/figure>\n<p><!-- \/wp:image --><\/p>\n<p>Somos una asociaci\u00f3n que surge como una respuesta organizativa a las labores que los fundadores ya realizaban,\u00a0 interviniendo directamente y ayudando a otras instituciones para atender a\u00a0familias que se quedan sin recursos para satisfacer sus necesidades b\u00e1sicas y para responder a la necesidad de ayuda humanitaria en momentos puntuales como el de la guerra de <a href=\"https:\/\/www.facebook.com\/AsociacionAAPS\/\" target=\"_blank\" rel=\"noopener\">Siria<\/a>.<\/p>\n<p>Integramos la asociaci\u00f3n un grupo de personas dedicadas al \u00e1mbito educativo y social, y contamos con m\u00e1s de 20 a\u00f1os de experiencia en el sector para coordinar ciertas campa\u00f1as y ayudas y poder ofrecer el apoyo de manera directa. Ning\u00fan miembro de la asociaci\u00f3n percibe ning\u00fan salario de la misma.<\/p>\n<p>Junt@s no hay l\u00edmites persigue, pues, fines de inter\u00e9s general en los campos del voluntariado y la acci\u00f3n social (atenci\u00f3n a las personas en situaci\u00f3n de vulnerabilidad), la ayuda humanitaria (ayuda puntual a poblaci\u00f3n afectada por desastres naturales o por guerras, mediante la realizaci\u00f3n de campa\u00f1as de divulgaci\u00f3n, de recogida de alimentos, enseres -o cualesquiera necesidades- y la colaboraci\u00f3n con otras organizaciones en el empaquetado y carga para el env\u00edo), y la cooperaci\u00f3n para el desarrollo.<\/p>\n<h4>Datos de la asociaci\u00f3n:\u00a0<\/h4>\n<div style=\"padding-left: 30px;\">Inscrita en el<a href=\"https:\/\/sede.mir.gob.es\/nfrontal\/webasocia.html\" target=\"_blank\" rel=\"noopener\"> REGISTRO NACIONAL DE ASOCIACIONES<\/a><\/div>\n<ul>\n<li style=\"list-style-type: none;\">\n<ul>\n<li style=\"list-style-type: none;\">\n<ul>\n<li>Secci\u00f3n: ASOCIACIONES<\/li>\n<li>N\u00famero nacional: 615098<\/li>\n<li>Denominaci\u00f3n: JUNT@S NO HAY L\u00cdMITES<\/li>\n<li>Fecha de inscripci\u00f3n: 23\/02\/2018<\/li>\n<\/ul>\n<\/li>\n<\/ul>\n<\/li>\n<\/ul>\n<p style=\"padding-left: 40px;\">CIF: G88037379<\/p><\/div>\n\t\t\t\t<\/div>\n\t\t\t\t\t\t\t<div class=\"elementor-accordion-item\">\n\t\t\t\t\t<h3 id=\"elementor-tab-title-8282\" class=\"elementor-tab-title\" data-tab=\"2\" role=\"button\" aria-controls=\"elementor-tab-content-8282\" aria-expanded=\"false\">\n\t\t\t\t\t\t\t\t\t\t\t\t\t<span class=\"elementor-accordion-icon elementor-accordion-icon-left\" aria-hidden=\"true\">\n\t\t\t\t\t\t\t\t\t\t\t\t\t\t\t<span class=\"elementor-accordion-icon-closed\"><i class=\"fas fa-plus-circle\"><\/i><\/span>\n\t\t\t\t\t\t\t\t<span class=\"elementor-accordion-icon-opened\"><i class=\"fas fa-minus-circle\"><\/i><\/span>\n\t\t\t\t\t\t\t\t\t\t\t\t\t\t<\/span>\n\t\t\t\t\t\t\t\t\t\t\t\t<a class=\"elementor-accordion-title\" tabindex=\"0\">Qu\u00e9 hacemos<\/a>\n\t\t\t\t\t<\/h3>\n\t\t\t\t\t<div id=\"elementor-tab-content-8282\" class=\"elementor-tab-content elementor-clearfix\" data-tab=\"2\" role=\"region\" aria-labelledby=\"elementor-tab-title-8282\"><p style=\"text-align: justify;\">En los \u00faltimos 4 a\u00f1os hemos realizados diferentes campa\u00f1as:<\/p>\n<ul style=\"text-align: justify;\">\n<li>Recogida de alimentos<\/li>\n<li>Recogida de juguetes<\/li>\n<li style=\"text-align: justify;\">Ayuda humanitaria (alimentos enlatados y mantas) <a href=\"https:\/\/www.facebook.com\/AsociacionAAPS\/\" target=\"_blank\" rel=\"noopener\">para Siria<\/a>.<\/li>\n<li style=\"text-align: justify;\">Tambi\u00e9n ofrecemos, en algunos casos concretos, apoyo psicol\u00f3gico y terap\u00e9utico gratuito a algunas mujeres o ni\u00f1os que necesitan el apoyo y las instituciones publicas no tienen posibilidad de atenderles.<\/li>\n<\/ul>\n<p style=\"text-align: justify;\">Todas las personas que han colaborado en estas campa\u00f1as han podido conocer de primera mano el destino de todo ello. Y las personas que hicieron aportaciones econ\u00f3micas recibieron los tiquets y fotos de la compra que se realiz\u00f3 para poder comprar productos frescos.<\/p>\n<p>Todo el proceso lo realizamos nosotros:<\/p>\n<ul>\n<li>Carteles<\/li>\n<li>Campa\u00f1a<\/li>\n<li>Recogida<\/li>\n<li>Almacenamiento y clasificaci\u00f3n<\/li>\n<li style=\"text-align: justify;\">Bolsas seg\u00fan n\u00famero y edades de los miembros de las familias<\/li>\n<li style=\"text-align: justify;\">Llamadas a las familias directamente, a servicios sociales y a otras asociaciones y reparto directo.<\/li>\n<\/ul>\n<p style=\"text-align: justify;\">Debido al reconocimiento que tenemos en el \u00e1mbito socio educativo son muchas las familias que nos conocen y tambi\u00e9n algunas instituciones con las que colaboramos como servicios sociales de Galapagar y Las Rozas, Centro de psicolog\u00eda de ni\u00f1o del Ayto. de las Rozas, la Asociacion Mun2, la Red de solidaridad de Galapagar, las Parroquias de Galapagar, Las Rozas y del Barrio del Pilar, el Movimiento por la Paz, etc.<\/p>\n<p style=\"text-align: justify;\">En <strong><span style=\"color: #993300;\">noviembre y diciembre de 2018<\/span><\/strong> realizamos una <a href=\"http:\/\/juntosnohaylimites.org\/index.php\/category\/acciones\/recogida-alimentos\/campananavidad_18-19\/\" target=\"_blank\" rel=\"noopener\">campa\u00f1a de navidad de recogida de alimentos<\/a>.<\/p>\n<p style=\"text-align: justify;\">En <span style=\"color: #993300;\"><strong>febrero de 2019<\/strong><\/span> iniciamos una <a href=\"http:\/\/juntosnohaylimites.org\/index.php\/2019\/02\/14\/recogida-de-material-escolar-para-mali\/\" target=\"_blank\" rel=\"noopener\">campa\u00f1a de recogida de material escolar<\/a> para la Escuela Indielou de Bamako, Mali, en colaboraci\u00f3n con el Movimiento extreme\u00f1o para la paz. Del material recogido (765 kg), <a href=\"http:\/\/juntosnohaylimites.org\/index.php\/2019\/04\/09\/camino-mali-con-las-maletas-llenas-de-vuestros-corazones\/\" target=\"_blank\" rel=\"noopener\">50 se llevaron en 2 maletas<\/a> y el resto en un <a href=\"http:\/\/juntosnohaylimites.org\/index.php\/2019\/06\/03\/trasladamos-el-material-escolar-a-zaragoza-para-su-envio-a-bamako-mali\/\" target=\"_blank\" rel=\"noopener\">container con la ayuda de ARAPAZ<\/a> de Zaragoza. \u00a0<\/p>\n<p style=\"text-align: justify;\">En <span style=\"color: #993300;\"><strong>mayo de 2019<\/strong><\/span> iniciamos la elaboraci\u00f3n del p<a href=\"http:\/\/juntosnohaylimites.org\/index.php\/junts-con-mali\/\" target=\"_blank\" rel=\"noopener\">royecto de construcci\u00f3n de 2 aulas de infantil<\/a> en la misma escuela. Proyecto que tuvimos que aparcar con la llegada del COVID. La presentaci\u00f3n del proyecto se iba a realizar el <a href=\"http:\/\/juntosnohaylimites.org\/index.php\/2020\/03\/10\/suspendido-el-acto-solidario-un-pedacito-de-africa-junts-con-mali\/\" target=\"_blank\" rel=\"noopener\">21 de marzo de 2021<\/a>, acto que tuvimos que suspender.<\/p>\n<p style=\"text-align: justify;\"><strong><span style=\"color: #993300;\">Desde mayo de 2020<\/span>,<\/strong> obligados por la pandemia y acuciados por lo que ve\u00edamos en nuestro entorno, estamos estamos inmersos en <a href=\"http:\/\/juntosnohaylimites.org\/index.php\/2020\/05\/24\/que-ls-nins-no-se-queden-sin-comer-este-verano\/\" target=\"_blank\" rel=\"noopener\">una campa\u00f1a de recogida y distribuci\u00f3n de productos de primera necesidad<\/a>.<\/p>\n<p>Al mismo tiempo nos dimos cuenta de la <strong><span style=\"color: #993300;\">necesidad de material inform\u00e1tico para los alumnos y alumnas de secundaria y primaria<\/span><\/strong> como efecto del confinamiento y el uso de herramientas de comunicaci\u00f3n on line. Iniciamos tambi\u00e9n una <a href=\"http:\/\/juntosnohaylimites.org\/index.php\/2020\/05\/25\/que-ls-nins-no-se-queden-sin-comer-este-verano-2\/\" target=\"_blank\" rel=\"noopener\">campa\u00f1a de donaci\u00f3n de material inform\u00e1tico<\/a> para estos alumnos y alumnas.<\/p><\/div>\n\t\t\t\t<\/div>\n\t\t\t\t\t\t\t<div class=\"elementor-accordion-item\">\n\t\t\t\t\t<h3 id=\"elementor-tab-title-8283\" class=\"elementor-tab-title\" data-tab=\"3\" role=\"button\" aria-controls=\"elementor-tab-content-8283\" aria-expanded=\"false\">\n\t\t\t\t\t\t\t\t\t\t\t\t\t<span class=\"elementor-accordion-icon elementor-accordion-icon-left\" aria-hidden=\"true\">\n\t\t\t\t\t\t\t\t\t\t\t\t\t\t\t<span class=\"elementor-accordion-icon-closed\"><i class=\"fas fa-plus-circle\"><\/i><\/span>\n\t\t\t\t\t\t\t\t<span class=\"elementor-accordion-icon-opened\"><i class=\"fas fa-minus-circle\"><\/i><\/span>\n\t\t\t\t\t\t\t\t\t\t\t\t\t\t<\/span>\n\t\t\t\t\t\t\t\t\t\t\t\t<a class=\"elementor-accordion-title\" tabindex=\"0\">C\u00f3mo nos financiamos<\/a>\n\t\t\t\t\t<\/h3>\n\t\t\t\t\t<div id=\"elementor-tab-content-8283\" class=\"elementor-tab-content elementor-clearfix\" data-tab=\"3\" role=\"region\" aria-labelledby=\"elementor-tab-title-8283\"><p>Actualmente la financiaci\u00f3n proviene exclusivamente de la donaci\u00f3n de los personas particulares y empresas, as\u00ed como de la cuota de socios que integran la asociaci\u00f3n.<\/p><\/div>\n\t\t\t\t<\/div>\n\t\t\t\t\t\t\t\t<\/div>\n\t\t\t\t<\/div>\n\t\t\t\t<\/div>\n\t\t\t\t\t<\/div>\n\t\t<\/div>\n\t\t\t\t\t<\/div>\n\t\t<\/section>\n\t\t\t\t<\/div>\n\t\t","protected":false},"excerpt":{"rendered":"<p>Qui\u00e9nes somos Somos una asociaci\u00f3n que surge como una respuesta organizativa a las labores que los fundadores ya realizaban,\u00a0 interviniendo directamente y ayudando a otras&#8230;<\/p>\n","protected":false},"author":1,"featured_media":0,"parent":0,"menu_order":0,"comment_status":"closed","ping_status":"closed","template":"","meta":{"footnotes":""},"class_list":["post-54","page","type-page","status-publish","hentry"],"jetpack_sharing_enabled":true,"_links":{"self":[{"href":"http:\/\/juntosnohaylimites.org\/index.php\/wp-json\/wp\/v2\/pages\/54","targetHints":{"allow":["GET"]}}],"collection":[{"href":"http:\/\/juntosnohaylimites.org\/index.php\/wp-json\/wp\/v2\/pages"}],"about":[{"href":"http:\/\/juntosnohaylimites.org\/index.php\/wp-json\/wp\/v2\/types\/page"}],"author":[{"embeddable":true,"href":"http:\/\/juntosnohaylimites.org\/index.php\/wp-json\/wp\/v2\/users\/1"}],"replies":[{"embeddable":true,"href":"http:\/\/juntosnohaylimites.org\/index.php\/wp-json\/wp\/v2\/comments?post=54"}],"version-history":[{"count":47,"href":"http:\/\/juntosnohaylimites.org\/index.php\/wp-json\/wp\/v2\/pages\/54\/revisions"}],"predecessor-version":[{"id":2154,"href":"http:\/\/juntosnohaylimites.org\/index.php\/wp-json\/wp\/v2\/pages\/54\/revisions\/2154"}],"wp:attachment":[{"href":"http:\/\/juntosnohaylimites.org\/index.php\/wp-json\/wp\/v2\/media?parent=54"}],"curies":[{"name":"wp","href":"https:\/\/api.w.org\/{rel}","templated":true}]}}